. Let r be o(4). Suppose 160 = 5*b + r*t, -2*t - 50 - 75 = -5*b. List the prime factors of b.
3
Suppose 0 = -4*k - 2*l - 6, 0 = k - 6*k + 4*l - 14. Suppose 0 = -2*z + 3*t + 30, -4*z + 35 = -z - 2*t. List the prime factors of k/z - 714/(-54).
13
Let j(r) = 9*r**2 + 4*r - 2. Let g be j(1). Suppose 1050 = 17*v - g*v. What are the prime factors of v?
5, 7
Suppose 2*h = -8*h + 6980. List the prime factors of h.
2, 349
Suppose -2 = -3*j + 10. Suppose -5 + 53 = j*h. What are the prime factors of h/1 + 1 + -2?
11
Let n(m) = m**3 - 6*m**2 + 5*m + 4. Let r be n(5). What are the prime factors of (r - 4) + -2 - -35?
3, 11
Let s(j) = -123*j - 130. What are the prime factors of s(-8)?
2, 7, 61
Suppose 4*q + 0*q + 2*p + 2 = 0, 0 = 5*q + 2*p. List the prime factors of (-1 - (-152)/q) + (-2 - -5).
2, 3, 13
Suppose 3*a = -2*d + 10, 2*d - a - 10 = 2*a. Suppose -2*s = -3*p - 108, -291 = -d*s - 4*p + p. List the prime factors of s.
3, 19
Let v = 152 - 76. Suppose 11*o - v = 10*o. Let g = o - 50. List the prime factors of g.
2, 13
Suppose -14*x - 13*x = -15174. What are the prime factors of x?
2, 281
Let y = 1411 + -511. What are the prime factors of y?
2, 3, 5
Suppose -3*s = 2 - 2. What are the prime factors of (-59)/(-2)*(-10)/(s + -5)?
59
Let f be (3/6)/(2/(-20)). Let c be (5/(-3))/(f/15). Suppose -c*w - 22 = -6*w. What are the prime factors of w?
2, 11
Suppose -1811 = -4*d + 3661. List the prime factors of d.
2, 3, 19
Suppose 4*o + 3*k - 2*k = 18, -4*k - 13 = -o. Suppose 5 = -o*a - 5*n, -3*a + n = a - 1. What are the prime factors of (a - 13)/(-1 + 0)?
13
Let k = -3350 - -5614. List the prime factors of k.
2, 283
Suppose -4*x = -5*b + 44, 0*x - b = 4*x + 68. What are the prime factors of 3/(-4) - (1996/x + -2)?
2, 3, 7
Let w(h) = 7*h**2 + 333*h - 60. List the prime factors of w(-56).
2, 811
Suppose 0 = 2*r - 2*v + 2, 5*r - 12 - 7 = -3*v. Suppose h = a - h - 85, -4*h + 146 = r*a. List the prime factors of a.
79
Let x(l) = l**2 - 3*l + 2. Let r be x(-6). Suppose 3*n + y = 2*n + 66, -3*y + r = n. List the prime factors of n.
71
List the prime factors of -5095*(-3)/15*1.
1019
List the prime factors of ((-6)/18)/(3/(-9468)).
2, 263
Let d be -14 - (-12)/(4 - 1). Let f(x) = x**2 + 8*x - 18. Let q be f(d). List the prime factors of (-6*32/(-3))/q.
2
Suppose -5*l + 3*j - 8*j = 755, -5*j + 735 = -5*l. Let t = 214 + l. What are the prime factors of t?
5, 13
Let l(a) = -a**2 - 15*a - 22. What are the prime factors of l(-8)?
2, 17
Let r = 2089 + -1076. List the prime factors of r.
1013
Let b(l) = 7*l**2 - 8*l + 11. Let d(g) = 15*g**2 - 17*g + 23. Let c(w) = 13*b(w) - 6*d(w). Suppose 0 = -q - 0 + 5. What are the prime factors of c(q)?
2, 5
Let m be -3*(18/3 + -3 + -4). Suppose d = m*f - 582 - 77, 655 = 3*f - 2*d. List the prime factors of f.
13, 17
Let f(i) = -i - 1. Let s = 21 + -27. What are the prime factors of f(s)?
5
Let v be (0 - -4 - 2)*1. Let p be (-12)/(-7) + 4/14. Suppose -4 - v = -p*d. List the prime factors of d.
3
Let t = 143 - 98. Let k = t - 22. Suppose k - 107 = -4*x. What are the prime factors of x?
3, 7
Suppose h + 9 = 11. List the prime factors of 640/14 - h/(-7).
2, 23
Let p be 24/6*14/8. Let t be 1/p - 108/(-28). Suppose s = -t*s + 35. What are the prime factors of s?
7
Let q(a) = a + 11. Let b be q(7). Let n = -14 + b. List the prime factors of 3/4*n - -25.
2, 7
Let j be (-292)/6 - (-6)/(-18). Let n = j - -189. List the prime factors of n.
2, 5, 7
Let u be (28/(-13) - -6) + 6/39. Suppose u*h = 738 - 94. List the prime factors of h.
7, 23
Let n = 626 - -362. List the prime factors of n.
2, 13, 19
Let k be 1/((-1 + -4)/(-10)). Let w = 171 + k. List the prime factors of w.
173
Suppose -4*m + 301 + 319 = z, 2*z - m = 1249. List the prime factors of z.
2, 3, 13
Suppose 0 = 5*v - 6*v + 11. Suppose -120 - 78 = -v*i. What are the prime factors of i?
2, 3
Suppose -16864 = -19*i + 3*i. List the prime factors of i.
2, 17, 31
Suppose 0 = -2*t - y + 1548, -3094 = 22*t - 26*t - y. What are the prime factors of t?
773
Let t = -80 + 56. Let b = t - -27. List the prime factors of b.
3
Let b(a) = a + 45. Let g(h) = -4*h - 3. Let v be g(1). Let k be 4 - (-2 + (-1 - v)). What are the prime factors of b(k)?
3, 5
Suppose -10*p = -15*p + 555. Suppose 0 = 4*c + 4*g - 81 - p, -250 = -5*c + 5*g. What are the prime factors of c?
7
Suppose f - 3 = 4*v - 65, -4*v - 4*f = -52. Let o = v - 15. Suppose 4*n = 5*g - 144, -4*g + n + 113 = -o*n. List the prime factors of g.
2, 7
Let r(c) = -c**3 + 21*c**2 - 47*c - 2. List the prime factors of r(18).
2, 31
Suppose -9*g + 18528 = 15*g. What are the prime factors of g?
2, 193
Suppose 6*l = 4273 + 245. List the prime factors of l.
3, 251
Suppose 0 = -31*u + 7018 + 22866. What are the prime factors of u?
2, 241
Let k = -30 + 23. Let a(w) = -10*w + 11. Let j(x) = 11*x - 10. Let g(q) = k*j(q) - 6*a(q). What are the prime factors of g(-3)?
5, 11
Let p(n) = 9*n - 4. Let k be p(-6). Let h = k - -91. Let l = h + -17. List the prime factors of l.
2
Suppose -4*p - 121 = -5*b, -5*b + 46 = -3*p - 41. Let j = 95 - 34. Let l = j + p. List the prime factors of l.
3
Suppose 0*q + 480 = 5*q - 5*w, 5*q = 2*w + 492. Suppose -13*m + q = -9*m. List the prime factors of m.
5
Let x(j) = j**3 - 6*j + 3. Let u be x(-3). Let h(b) = 2*b**2 - b + 27. List the prime factors of h(u).
3, 5, 7
Let j(v) = 8*v**2 + 25*v + 93. List the prime factors of j(-4).
11
Let w = 305 + -303. Let b(h) = 10*h**2 - 3*h + 1. Let k(c) = -1. Let s(u) = b(u) + 3*k(u). What are the prime factors of s(w)?
2
Suppose 3*b - 12 = -b. Suppose -2*s + 4*m = 3*s, -b*s + 3*m - 3 = 0. Suppose 0 = 3*i - s*i + 24. List the prime factors of i.
2, 3
Suppose -a = -2*q + 87, -2*a + a = -q + 43. Suppose -3*u + 206 = q. Suppose 3*l + u = 6*l. What are the prime factors of l?
2, 3
Suppose -c - 3*c - 4 = 0. List the prime factors of 17*(15/3 + c).
2, 17
Let n = 13257 + -8459. What are the prime factors of n?
2, 2399
Suppose -3 - 7 = 2*q. Let w be 30*q*(-4)/30. Let j = w + 14. List the prime factors of j.
2, 17
Let h(s) = s**3 - 14*s**2 - s - 15. What are the prime factors of h(16)?
13, 37
Suppose 0 = 2*d - 95 - 9. Suppose -7*o + 5 + 9 = 0. Suppose 2*i = -o*i + d. What are the prime factors of i?
13
Suppose -h - 169 = -309. Suppose 5*b + m + m - h = 0, -2*b - 5*m + 56 = 0. What are the prime factors of b?
2, 7
Suppose 93*f = 92*f + 1180. What are the prime factors of f?
2, 5, 59
Let x(r) = 23*r**2 + 27*r + 3. What are the prime factors of x(-3)?
3, 43
Let g(y) = 76*y - 5. Let s(f) = 14*f + 4. Let p(q) = -q + 1. Let x(m) = 5*p(m) - s(m). Let z(t) = -4*g(t) - 18*x(t). What are the prime factors of z(1)?
2, 5
Let t(h) = -54*h + 999. List the prime factors of t(0).
3, 37
Let c = -5 + 20. Let z = c + 90. List the prime factors of z.
3, 5, 7
Let q(m) = m**3 - 9*m**2 + 9*m - 10. Let y be q(10). Suppose -3*h + y = -114. What are the prime factors of h?
2, 7
Suppose -o = 3*o - 16, 0 = 2*i - 5*o + 14. Suppose -9 = i*z, 4*z - 428 = -4*k + 116. List the prime factors of k.
139
Suppose 5*o + 11132 = 4*n, 2*n + 3*n - 13920 = 5*o. List the prime factors of n.
2, 17, 41
Let j(u) be the second derivative of u**5/20 + 17*u**4/12 + 19*u**3/6 + 6*u**2 + 4*u. Let d be j(-16). List the prime factors of (-8)/d - (-196)/9.
2, 11
Suppose -d - y = d - 24, 5*y - 21 = -d. Suppose 2*q - 2*t = 2, 3*t - 7 - d = -4*q. Suppose q*r - 6 = 42. What are the prime factors of r?
2
Suppose 330 = 5*h + 5*j, -h - 4*j + 5*j + 66 = 0. Let z = 115 - h. What are the prime factors of z?
7
Let k(l) = 250*l + 3. Let z be k(4). Suppose 208 = -5*a + z. List the prime factors of a.
3, 53
Let j = -35 + 33. What are the prime factors of j/(-9) + (-1040)/(-18)?
2, 29
Let g(k) be the first derivative of k**3 + k**2/2 - k - 8. Let r be g(-1). What are the prime factors of 46*r - (-39)/(-13)?
43
Suppose -2*d = x, 4*x - 4*d - 28 = -x. Suppose -5*t = -0*y - x*y + 865, 651 = 3*y - 3*t. List the prime factors of y.
2, 5, 11
Suppose -523 = -5*u - b + 2536, -2*u = -b - 1218. What are the prime factors of u?
13, 47
Let q(x) = x + 8. Let k be q(-5). Let h = 47 + k. Let t = 70 - h. List the prime factors of t.
2, 5
Let n = -12 - -7. Let o = 25 + n. List the prime factors of o.
2, 5
Suppose k = -k + 72. Suppose r = k + 9. What are the prime factors of ((-2)/(-5))/(1/r)?
2, 3
L